{"id":465,"date":"2009-07-06T01:14:56","date_gmt":"2009-07-06T01:14:56","guid":{"rendered":"http:\/\/wordpress.gletscherflug.ch\/?page_id=465"},"modified":"2018-01-13T20:04:57","modified_gmt":"2018-01-13T19:04:57","slug":"handling-nach-landung-und-start-auf-gletscher","status":"publish","type":"page","link":"https:\/\/www.gletschair.li\/index.php\/operation\/landetechnik\/handling-nach-landung-und-start-auf-gletscher\/","title":{"rendered":"Handling nach Landung und Start auf Gletscher"},"content":{"rendered":"<p><img loading=\"lazy\" decoding=\"async\" width=\"777\" height=\"278\" class=\"alignnone size-full wp-image-7370\" alt=\"\" src=\"https:\/\/www.gletscherflug.ch\/wp-content\/uploads\/2018\/01\/GletscherLandung.gif\"><\/p>\n<p><strong>Groundhandling<\/strong><\/p>\n<p>Mit Motorkraft wird das Flugzeug nach der Landung die Piste hochgezogen. Dazu ist oftmals Vollgas angesagt. Bei Erreichen des beabsichtigten Drehpunktes, jedoch sp\u00e4testens kurz vor dem unfreiwilligen Stillstand muss die Drehkurve auf dem Gletscher eingeleitet werden. Diese Drehung wird in der Regel nach links ausgef\u00fchrt, da sich jedes Flugzeug, wie wir wissen, nach links leichter drehen l\u00e4sst. Man drehe sein Flugzeug unbedingt \u00fcber den Totpunkt hinaus und halte je nach Gel\u00e4nde mit mehr oder weniger talw\u00e4rst gerichteter Schnauze an.<\/p>\n<p>Nicht immer wird einem das gelingen und so ist ein sofortiger Wiederstart unumg\u00e4nglich<\/p>\n<p><strong>Start<\/strong><\/p>\n<p>Wichtig ist, dass man schon beim letzten \u00dcberflug sich Talw\u00e4rts orientiert und sich f\u00fcr den Start einen Zielpunkt am Horizont oder an einer gegen\u00fcberliegenden Bergformation ausgesucht hat. Diesen fixiere man nun an und beschleunige z\u00fcgig. Man entlaste den Sporn leicht jedoch nicht zu sehr, um m\u00f6glichst schnell die Rotationsgeschwindigkeit zu erreichen.<\/p>\n<p>Ist sie erreicht rotiere man und lasse den Kn\u00fcppel sogleich wieder nach, um im Bodeneffekt eine sichere Geschwindigkeit aufzunehmen. Bald kann aus dem Sinkflug wieder in einen Steigflug \u00fcbergangen werden. Man steige nun wieder auf seine Voltenh\u00f6he und beginne den erneuten Anflug.<\/p>\n<p>Es leuchtet ein, dass bei einer Landung und einem Start auf einen Gletscher oder ein anderes abfallendes Feld, sich Start- und Landestrecken gegen\u00fcber jenen in der Fl\u00e4che teils erheblich verk\u00fcrzen. Kann dies bei Radlandungen im Gef\u00e4lle noch irgendwie quantifiziert werden, so ist das auf Schnee nicht mehr so leicht m\u00f6glich. Doch eines darf und muss man hier herausstreichen. Das Landen ist nie ein Problem, doch ein Starten kann bei schlechten Schneeverh\u00e4ltnissen (Neuschnee oder Nasschnee) schnell einmal unm\u00f6glich sein.<\/p>\n<p><a href=\"\/index.php\/operation\/landetechnik\/training-fur-gletscher-und-gebirgslandungen\/\">weiter<\/a><\/p>\n","protected":false},"excerpt":{"rendered":"<p>Groundhandling Mit Motorkraft wird das Flugzeug nach der Landung die Piste hochgezogen. Dazu ist oftmals Vollgas angesagt. Bei Erreichen des beabsichtigten Drehpunktes, jedoch sp\u00e4testens kurz vor dem unfreiwilligen Stillstand muss die Drehkurve auf dem Gletscher eingeleitet werden. Diese Drehung wird in der Regel nach links ausgef\u00fchrt, da sich jedes Flugzeug, wie wir wissen, nach links &hellip; <\/p>\n<p class=\"link-more\"><a href=\"https:\/\/www.gletschair.li\/index.php\/operation\/landetechnik\/handling-nach-landung-und-start-auf-gletscher\/\" class=\"more-link\"><span class=\"screen-reader-text\">&#171;Handling nach Landung und Start auf Gletscher&#187;<\/span> weiterlesen<\/a><\/p>\n","protected":false},"author":4,"featured_media":0,"parent":441,"menu_order":30,"comment_status":"closed","ping_status":"closed","template":"","meta":{"ngg_post_thumbnail":0,"footnotes":""},"class_list":["post-465","page","type-page","status-publish","hentry"],"post_mailing_queue_ids":[],"_links":{"self":[{"href":"https:\/\/www.gletschair.li\/index.php\/wp-json\/wp\/v2\/pages\/465","targetHints":{"allow":["GET"]}}],"collection":[{"href":"https:\/\/www.gletschair.li\/index.php\/wp-json\/wp\/v2\/pages"}],"about":[{"href":"https:\/\/www.gletschair.li\/index.php\/wp-json\/wp\/v2\/types\/page"}],"author":[{"embeddable":true,"href":"https:\/\/www.gletschair.li\/index.php\/wp-json\/wp\/v2\/users\/4"}],"replies":[{"embeddable":true,"href":"https:\/\/www.gletschair.li\/index.php\/wp-json\/wp\/v2\/comments?post=465"}],"version-history":[{"count":3,"href":"https:\/\/www.gletschair.li\/index.php\/wp-json\/wp\/v2\/pages\/465\/revisions"}],"predecessor-version":[{"id":8584,"href":"https:\/\/www.gletschair.li\/index.php\/wp-json\/wp\/v2\/pages\/465\/revisions\/8584"}],"up":[{"embeddable":true,"href":"https:\/\/www.gletschair.li\/index.php\/wp-json\/wp\/v2\/pages\/441"}],"wp:attachment":[{"href":"https:\/\/www.gletschair.li\/index.php\/wp-json\/wp\/v2\/media?parent=465"}],"curies":[{"name":"wp","href":"https:\/\/api.w.org\/{rel}","templated":true}]}}