{"id":369,"date":"2009-07-04T19:30:49","date_gmt":"2009-07-04T19:30:49","guid":{"rendered":"http:\/\/wordpress.gletscherflug.ch\/?page_id=369"},"modified":"2018-01-13T19:53:47","modified_gmt":"2018-01-13T18:53:47","slug":"rettung-vom-gauli-gletscher","status":"publish","type":"page","link":"https:\/\/www.gletschair.li\/index.php\/geschichte\/rettung-vom-gauli-gletscher\/","title":{"rendered":"Rettung vom Gauli Gletscher"},"content":{"rendered":"<p>I see the dark lines under us, very fast, and then &#8211; I understand later, they were crevasses, they automatically became a glacier. I did not know what it was. I just know we were very close to it. Because they went by so fast. I said: we are in the mountains. So I reach up and throw the throttles fore and I reach the propellers fore and the mixtures fore and I pull the yoke back. My copilot was sitting over here, he thougt I got a vertige, he was holding his yoke like this, that keep me from going up, that ist dangerous, because it could stall, and I reach over and I get him out of control, and almost, as quickly as I said that, we are in the ground.<\/p>\n<div align=\"center\"><img loading=\"lazy\" decoding=\"async\" width=\"280\" height=\"200\" class=\"alignnone size-full wp-image-7186\" alt=\"\" src=\"https:\/\/www.gletscherflug.ch\/wp-content\/uploads\/2018\/01\/Gauli3.jpg\"><\/div>\n<p>Fast eine Beschreibung einer korrekt ausgef\u00fchrten Gletscherlandung, k\u00f6nnte man meinen. Doch nicht ein erfahrener Schweizer Bergpilot machte diese Aussage, sondern der Amerikaner Ralph Tate, der 1946 als 25 J\u00e4hriger eine DC 3 Dacota der Amerikanischen Luftwaffe steuerte und sich in der Schweiz verirrte. An Bord 12 Passagiere, hohe Offiziere und auch ein paar Zivilisten, Frauen und Kinder. Ausser ein paar Prellungen bleiben alle unverletzt und selbst das Funkger\u00e4t funktioniert noch.<\/p>\n<p>Der gesendete Hilferuf ist der Beginn einer bis dahin einmaligen Rettungsaktion.<\/p>\n<div align=\"center\"><img loading=\"lazy\" decoding=\"async\" width=\"282\" height=\"193\" class=\"alignnone size-full wp-image-7183\" alt=\"\" src=\"https:\/\/www.gletscherflug.ch\/wp-content\/uploads\/2018\/01\/Gauli2.jpg\"><\/div>\n<p>Drei Tage m\u00fcssen die Verungl\u00fcckten auf dem Gauli Gletscher auf 3100 Meter ausharren, bis sich das Wetter bessert. Dann aber entschliessen sich die beiden Schweizer Milit\u00c3\u00a4rpiloten Hauptmann Viktor Hug und Major Pista Hitz mit ihren beiden Fieseler St\u00f6rchen, bei denen sie erst k\u00fcrzlich Skis montiert und damit die ersten Versuche unternommen haben, eine Landung neben der verungl\u00fcckten Maschine zu wagen. Obwohl der Landeplatz extrem kurz ist, gelingt das unerh\u00f6rte Wagnis. Vor versammelter Weltpresse werden alle Passagiere und die beiden Piloten ausgeflogen und gerettet.<\/p>\n<p><a href=\"http:\/\/www.rts.ch\/archives\/8173755-crash-dans-les-alpes.html\">Video der Rettung<\/a><\/p>\n<p>Dies war die glorreiche Geburtsstunde der Schweizer Rettungsfliegerei und der Beginn einer grossartigen Tradition der Gebirgsfliegerei, die bis heute andauert. Obwohl der Hubschrauber das Flugzeug f\u00fcr Rettungen in den Bergen inzwischen weitgehend abgel\u00f6st hat, sind heute immer noch etwa 60 Piloten, darunter auch 5 weibliche in der Schweiz aktiv, die die hohe Kunst der Gletscherlandungen beherrschen und betreiben.<\/p>\n<div align=\"center\"><img loading=\"lazy\" decoding=\"async\" width=\"289\" height=\"193\" class=\"alignnone size-full wp-image-7181\" alt=\"\" src=\"https:\/\/www.gletscherflug.ch\/wp-content\/uploads\/2018\/01\/Gauli1.jpg\"><\/div>\n<p>Noch heute muss sich jeder Pilot, der eine Lizenz f\u00fcr Gletscherlandungen beantragt, dazu verpflichten in Notf\u00e4llen zu Rettungseins\u00e4tzen bereit zu sein. Erst nach einer gr\u00fcndlichen theoretischen und praktischen Ausbildung, f\u00fcr die man etwa ein Jahr Zeit investieren muss, darf ein Neuling darauf hoffen selber die Gletscherwelt zu erkundigen. Mindestens 250 Landungen auf verschiedenen Gletscherlandepl\u00e4tzen mit einem Gebirgsfluglehrer werden verlangt, bevor ein Pilot mit einem Experten des Schweizer Luftamtes einen Pr\u00fcfungsflug unternehmen und eine der wenigen Gletscherflug Lizenzen erhalten kann.<\/p>\n<p>Die Hochbl\u00fcte der Gletscherfliegerei und der Gebirgsrettung mittels Fl\u00e4chenflugzeuge sollte aber mit den Pionieren Fredy Wissel und Hermann Geiger erst noch anbrechen.<\/p>\n","protected":false},"excerpt":{"rendered":"<p>I see the dark lines under us, very fast, and then &#8211; I understand later, they were crevasses, they automatically became a glacier. I did not know what it was. I just know we were very close to it. Because they went by so fast. I said: we are in the mountains. So I reach &hellip; <\/p>\n<p class=\"link-more\"><a href=\"https:\/\/www.gletschair.li\/index.php\/geschichte\/rettung-vom-gauli-gletscher\/\" class=\"more-link\"><span class=\"screen-reader-text\">&#171;Rettung vom Gauli Gletscher&#187;<\/span> weiterlesen<\/a><\/p>\n","protected":false},"author":4,"featured_media":0,"parent":350,"menu_order":30,"comment_status":"closed","ping_status":"closed","template":"","meta":{"ngg_post_thumbnail":0,"footnotes":""},"class_list":["post-369","page","type-page","status-publish","hentry"],"post_mailing_queue_ids":[],"_links":{"self":[{"href":"https:\/\/www.gletschair.li\/index.php\/wp-json\/wp\/v2\/pages\/369","targetHints":{"allow":["GET"]}}],"collection":[{"href":"https:\/\/www.gletschair.li\/index.php\/wp-json\/wp\/v2\/pages"}],"about":[{"href":"https:\/\/www.gletschair.li\/index.php\/wp-json\/wp\/v2\/types\/page"}],"author":[{"embeddable":true,"href":"https:\/\/www.gletschair.li\/index.php\/wp-json\/wp\/v2\/users\/4"}],"replies":[{"embeddable":true,"href":"https:\/\/www.gletschair.li\/index.php\/wp-json\/wp\/v2\/comments?post=369"}],"version-history":[{"count":3,"href":"https:\/\/www.gletschair.li\/index.php\/wp-json\/wp\/v2\/pages\/369\/revisions"}],"predecessor-version":[{"id":8567,"href":"https:\/\/www.gletschair.li\/index.php\/wp-json\/wp\/v2\/pages\/369\/revisions\/8567"}],"up":[{"embeddable":true,"href":"https:\/\/www.gletschair.li\/index.php\/wp-json\/wp\/v2\/pages\/350"}],"wp:attachment":[{"href":"https:\/\/www.gletschair.li\/index.php\/wp-json\/wp\/v2\/media?parent=369"}],"curies":[{"name":"wp","href":"https:\/\/api.w.org\/{rel}","templated":true}]}}